 533 = 0, 0 = 5*q - 4*k - 3337. Let s = q + -606. What is the remainder when 307 is divided by s?
55
Let n(j) = 8*j**2 - 184*j - 1401. What is the remainder when n(-8) is divided by 83?
2
Let a = -3 + 6. Let p be -6*(-1)/(a - 0). Suppose p*t + j + 3*j + 6 = 0, 20 = -5*j. What is the remainder when 7 is divided by t?
2
Let l = 462 + -291. Suppose -5*j + 109 = -l. Calculate the remainder when j is divided by 22.
12
Suppose -438*j + 12 = -435*j. Suppose -j*t = -39 - 5. Calculate the remainder when 6/(-2) + 3 - -75 is divided by t.
9
Let u be ((-54)/(-45))/((-2)/160). Calculate the remainder when (1 + 1)/((-1)/u) is divided by 471/12 + (-2)/8.
36
Let g = 3413 - 3331. What is the remainder when 1402 is divided by g?
8
Let w = 121 - -29. Suppose -32*q + w = -29*q. What is the remainder when q is divided by 17?
16
Let j be ((-40)/15 + 3)*15. Suppose -2*v + 4*f = j*f - 46, -2*v + 46 = -5*f. Let s(u) = -u**2 - u + 67. Calculate the remainder when s(0) is divided by v.
21
Calculate the remainder when (-4989)/(-6) + (24/4 - 28/8) is divided by 278.
0
Suppose 4*k - 7 = 49. Calculate the remainder when 6/324*-4 + 14189/189 is divided by k.
5
Suppose 0 = 25*q - 6*q - 3610. Let l = q + -189. What is the remainder when 31 is divided by l?
0
Suppose -126453 = -136*b + 41371. Calculate the remainder when b is divided by 251.
230
Let p = 27 + -3. What is the remainder when 60 is divided by ((-6)/3 - 19)/(-25 + p)?
18
Let z(a) = -a - 8. Suppose -j + 19 - 15 = 0. Suppose f - 5*y - 13 = 0, -j*f + y = 2*y + 53. Calculate the remainder when 8 is divided by z(f).
0
Let c(q) = 617*q**2 - 20*q + 7. Let s be c(3). Calculate the remainder when s/(-66)*3/(-2) is divided by 9.
8
Let p = -1453 + 922. Let k = -469 - p. What is the remainder when k is divided by 33?
29
Let x = 32986 + -27597. What is the remainder when x is divided by 93?
88
Let a = -6503 + 11901. What is the remainder when a is divided by 6?
4
Let x be (-1 - 1*34)*-1. Let t = x + -18. What is the remainder when (19 - (-1273)/(-76))/(1/20) is divided by t?
11
Suppose -7639 = -38*y - 1331. Let c = -122 + y. What is the remainder when 214 is divided by c?
38
Suppose 3*x = 2*x - 37. Let f = 12 - x. Suppose 5*q + 5*w = -4 + f, -5*q + w = -33. What is the remainder when 7 is divided by q?
0
Let t(d) = 4*d**2 - 130*d + 220. Calculate the remainder when 162 is divided by t(31).
26
Suppose -133*h = -126*h - 2891. Suppose -9*u + h = 89. Calculate the remainder when 143 is divided by u.
35
Let i(n) = 4*n**2 - 4*n + 8. Suppose h + 43*q - 38*q = 23, -3*h + 3*q + 105 = 0. What is the remainder when i(6) is divided by h?
29
Suppose 75 - 453 = -6*v. Calculate the remainder when 1131 is divided by v.
60
Calculate the remainder when (192/(-18) - -11)/(3/10017) is divided by 272.
25
Let f = -134 + 57. Let d = 81 + f. What is the remainder when 23 is divided by ((-2)/(-1))/d*12?
5
Suppose -5*l + w = -66, -4*l + 37 = -l + 2*w. Suppose 3 = 14*q - l*q. Suppose -q*h = -5*h + 52. Calculate the remainder when h is divided by 10.
6
Suppose -4*u + 8 = -3*u. Suppose -u*k + 2 = -6*k. Calculate the remainder when -1 + 4 - (k + 15*-3) is divided by 12.
11
Let g(y) = y**3 - 3*y**2 + 6*y + 11. Suppose c = -4*w + 1406, 19*c = 4*w + 18*c - 1410. What is the remainder when w is divided by g(5)?
79
Suppose -3740 = 10*y - 4590. Calculate the remainder when 292 is divided by y.
37
Suppose -7*n + 4*t + 57 = -6*n, 3*n - 86 = -5*t. Suppose -30*h = -n*h + 763. Calculate the remainder when h is divided by 16.
13
Suppose 0 = 6*g + 16 - 214. Let s be (-4)/12*-9 + (0 - 1). Suppose -i = q + 4*i + 10, -5*q + 19 = s*i. What is the remainder when g is divided by q?
3
Calculate the remainder when (-17)/2 + 28/4 + (-93)/(-2) is divided by 9.
0
Let s = -79 - -84. Suppose -s*u - 30 = -11*u. Suppose 232 = -u*c + 7*c. Calculate the remainder when c is divided by 24.
20
Let n(c) = 27*c**2 - 21*c + 90 + 5*c - 28*c**2. Calculate the remainder when 108 is divided by n(4).
8
Let h = 110 - 111. Let a(b) = -27*b**3 + 2*b**2 - 4*b - 5. Calculate the remainder when a(h) is divided by 9.
1
Let o(c) = 9*c**2 - 4*c - 7. Let s(x) = -x**2 - 122*x + 9290. What is the remainder when o(-5) is divided by s(-175)?
13
Suppose -549*p + 585*p - 254088 = 0. What is the remainder when p is divided by 23?
20
Suppose 2*l - 131 = -421. Let f = l - -361. What is the remainder when f is divided by (5/15)/(2/330)?
51
Let m be 13 - (-6 + 13) - -5. Suppose -13*z + 56 = -m*z. What is the remainder when 167 is divided by z?
27
Suppose 4*p - f + 54 = 2061, -p = 6*f - 533. What is the remainder when p is divided by 98?
13
Suppose -5*w - 130 = -3*i, -3*i - 6*w + 134 = -7*w. Let b = -485 - -704. Calculate the remainder when b is divided by i.
39
Let l = -130 + 129. Let j(d) = -29*d**3 + d**2 - d - 2. What is the remainder when 78 is divided by j(l)?
20
Let z(x) = -x**3 + 12*x**2 + 43*x + 113. What is the remainder when (36/14)/((-2)/(-448)) is divided by z(15)?
78
Suppose -3*z + 392 = -3*v - 334, 0 = -3*z + 5*v + 730. Let n = -187 + z. Calculate the remainder when n is divided by 28.
25
Let u(z) = -z - 1. Let n = 4434 + -4431. What is the remainder when u(-9) is divided by n?
2
Suppose 0 = -a - 4*o + 33, 4*o = -2*a + 8*o + 6. Calculate the remainder when 139 is divided by a.
9
Let r = -861 + 877. Let t = -76 - -186. What is the remainder when t is divided by r?
14
Suppose 0 = -o + 4*y + 20, 0*y + 48 = 2*o - 4*y. Suppose 8*q - o*q = -5880. Calculate the remainder when q is divided by 76.
66
Let f(l) = -97*l - 11998. What is the remainder when f(-131) is divided by (-4455)/(-63) + (-4)/(-14)?
70
Let s = 18069 - 10041. What is the remainder when s is divided by 31?
30
Let c(b) = -b**3 - 18*b**2 - 2*b - 30. Let m be c(-18). Suppose -m*n - 119 = -923. Let j = 4 + 41. What is the remainder when n is divided by j?
44
Suppose -3*c = -t + 3073 + 537, t = -c + 3586. What is the remainder when t is divided by 11?
6
Suppose -4*k - 5*z - 8 = 0, 4*k + 8*z = 6*z + 4. Suppose k*o - 4*b - 2369 = -9*b, -2*o + 2*b + 1574 = 0. Calculate the remainder when o is divided by 72.
68
Suppose -73 = -5*g - 18. Let b = g + -9. Suppose b*t = t + 21. Calculate the remainder when t is divided by 8.
5
Let k = 104 + -85. Suppose 13 = 4*n - k. What is the remainder when n is divided by 4?
0
Suppose -r = 39 - 109. Suppose -67*g + r*g - 360 = 0. Calculate the remainder when 84 is divided by g/(-50)*(-15)/2.
12
Let z be -2 + 6/4 + (-63)/(-14). What is the remainder when (-284)/(-5) - z/(-20) is divided by 4 + -3 + 19 + 0?
17
Suppose 0 = 4*d + 4, -5*g - 3*d = d - 296. Suppose -3*v - g = -7*v. What is the remainder when v is divided by 184/20 + (-44)/20 + 2?
6
Suppose -21 = -o + 2. Suppose -2 = 2*d, 53*z + 5*d = 54*z - 185. What is the remainder when z is divided by o?
19
Suppose -2*o + 1 = -i, -55*i + o = -60*i + 39. Let n = i + 2. Calculate the remainder when 94 is divided by n.
4
Suppose -39 - 1193 = -22*h. What is the remainder when 192 is divided by h?
24
Let q be 5/(-2)*(-96)/30. Let p(w) = -12*w + 106. Calculate the remainder when 18 is divided by p(q).
8
Let z(q) = q + 13. Let l be z(-11). Let i(t) = l + 0 + 6 + 2 + t. Calculate the remainder when 105 is divided by i(8).
15
Suppose 13617 = 3*c + 5*z - 2257, 5*c = -5*z + 26430. What is the remainder when c is divided by 80?
78
Let o(y) = -35*y - 470. Calculate the remainder when o(-16) is divided by 24.
18
Suppose 1867 + 2261 = 63*t + 222. What is the remainder when 3283 is divided by t?
59
Let r = 198 - 189. Suppose r*s - 11*s = -14. Calculate the remainder when 207 is divided by s.
4
Let w be (3/2)/(((-96)/(-8))/504). Suppose w*f = 66*f - 255. Calculate the remainder when f is divided by 16.
5
Suppose -q = -3*g + 14, 0 = 3*g - 4*g + 4*q + 1. Suppose g*p = 5*n + 230, p - 143 = -2*p + 4*n. What is the remainder when 819 is divided by p?
40
Suppose -31 = -m - 3*n, -5*n - 39 - 34 = -4*m. Suppose t + 3*d = m, 42 = 4*t + t - 2*d. What is the remainder when 119 is divided by t?
9
Let a be (-24)/81*-60 + 2/9. Suppose a*k = -4*k + 2728. What is the remainder when k is divided by 25?
24
Let z(h) = -6*h + 13. Calculate the remainder when z(-32) is divided by 193.
12
Let b = 2988 + -2913. Calculate the remainder when b is divided by 44.
31
Let j be (-17 + (4 - 2))*713/(-31). Let s = j - 319